{"id":7184,"date":"2026-02-04T10:33:42","date_gmt":"2026-02-04T09:33:42","guid":{"rendered":"https:\/\/portail-coulissant-aluminium.fr\/?post_type=product&#038;p=7184"},"modified":"2026-02-05T10:37:13","modified_gmt":"2026-02-05T09:37:13","slug":"semi-ajoure-kit-motorisation","status":"publish","type":"product","link":"https:\/\/portail-coulissant-aluminium.fr\/index.php\/product\/semi-ajoure-kit-motorisation\/","title":{"rendered":"Portail aluminium coulissant semi-ajour\u00e9 en kit avec ou sans motorisation"},"content":{"rendered":"\n<div class=\"wp-block-columns are-vertically-aligned-center is-layout-flex wp-container-core-columns-is-layout-28f84493 wp-block-columns-is-layout-flex\">\n<div class=\"wp-block-column is-vertically-aligned-center is-layout-flow wp-block-column-is-layout-flow\">\n<p class=\"title has-text-color\" style=\"color:#131315\"><\/p>\n\n\n\n<h2 class=\"wp-block-heading\"><strong>Portail aluminium coulissant semi-ajour\u00e9 en kit avec ou sans motorisation<br><\/strong><\/h2>\n\n\n\n<p>Offrez \u00e0 votre entr\u00e9e un rendu moderne et rassurant avec un portail coulissant en aluminium semi-ajour\u00e9 : le bon \u00e9quilibre entre intimit\u00e9 (partie occultante) et l\u00e9g\u00e8ret\u00e9 visuelle (partie ajour\u00e9e). Livr\u00e9 en kit pr\u00eat \u00e0 monter, il comprend les accessoires essentiels pour une pose simplifi\u00e9e, avec la possibilit\u00e9 d\u2019ajouter une motorisation pour plus de confort au quotidien.<\/p>\n<\/div>\n<\/div>\n\n\n\n<div style=\"height:30px\" aria-hidden=\"true\" class=\"wp-block-spacer\"><\/div>\n\n\n\n<div style=\"height:30px\" aria-hidden=\"true\" class=\"wp-block-spacer\"><\/div>\n\n\n\n<div class=\"wp-block-columns are-vertically-aligned-center is-layout-flex wp-container-core-columns-is-layout-28f84493 wp-block-columns-is-layout-flex\">\n<div class=\"wp-block-column is-vertically-aligned-center is-layout-flow wp-block-column-is-layout-flow\">\n<figure class=\"wp-block-image size-full\"><img fetchpriority=\"high\" decoding=\"async\" width=\"1024\" height=\"1024\" src=\"https:\/\/portail-coulissant-aluminium.fr\/wp-content\/uploads\/2026\/02\/hf_20260205_092235_1468bd64-2a36-4296-ba37-a2e80372ec46.jpg\" alt=\"\" class=\"wp-image-7256\" srcset=\"https:\/\/portail-coulissant-aluminium.fr\/wp-content\/uploads\/2026\/02\/hf_20260205_092235_1468bd64-2a36-4296-ba37-a2e80372ec46.jpg 1024w, https:\/\/portail-coulissant-aluminium.fr\/wp-content\/uploads\/2026\/02\/hf_20260205_092235_1468bd64-2a36-4296-ba37-a2e80372ec46-300x300.jpg 300w, https:\/\/portail-coulissant-aluminium.fr\/wp-content\/uploads\/2026\/02\/hf_20260205_092235_1468bd64-2a36-4296-ba37-a2e80372ec46-150x150.jpg 150w, https:\/\/portail-coulissant-aluminium.fr\/wp-content\/uploads\/2026\/02\/hf_20260205_092235_1468bd64-2a36-4296-ba37-a2e80372ec46-768x768.jpg 768w, https:\/\/portail-coulissant-aluminium.fr\/wp-content\/uploads\/2026\/02\/hf_20260205_092235_1468bd64-2a36-4296-ba37-a2e80372ec46-990x990.jpg 990w, https:\/\/portail-coulissant-aluminium.fr\/wp-content\/uploads\/2026\/02\/hf_20260205_092235_1468bd64-2a36-4296-ba37-a2e80372ec46-441x441.jpg 441w, https:\/\/portail-coulissant-aluminium.fr\/wp-content\/uploads\/2026\/02\/hf_20260205_092235_1468bd64-2a36-4296-ba37-a2e80372ec46-100x100.jpg 100w, https:\/\/portail-coulissant-aluminium.fr\/wp-content\/uploads\/2026\/02\/hf_20260205_092235_1468bd64-2a36-4296-ba37-a2e80372ec46-800x800.jpg 800w\" sizes=\"(max-width: 1024px) 100vw, 1024px\" \/><\/figure>\n<\/div>\n\n\n\n<div class=\"wp-block-column is-vertically-aligned-center is-layout-flow wp-block-column-is-layout-flow\" style=\"flex-basis:40%\">\n<h2 class=\"wp-block-heading\">Accessoires inclus (pack complet)<\/h2>\n\n\n\n<ul class=\"wp-block-list\">\n<li><strong>Serrure<\/strong> + vis barillet M5 x 80F<\/li>\n\n\n\n<li><strong>Poign\u00e9e noire<\/strong><\/li>\n\n\n\n<li><strong>Barillet + 3 cl\u00e9s<\/strong><\/li>\n\n\n\n<li>Visserie serrure (4,8 x 25TF)<\/li>\n\n\n\n<li><strong>Pi\u00e8ce de r\u00e9ception<\/strong><\/li>\n\n\n\n<li>Chapeaux pour montants centraux + vis associ\u00e9es<\/li>\n\n\n\n<li><strong>2 roulettes<\/strong><\/li>\n\n\n\n<li>Cache 1.2.3<\/li>\n\n\n\n<li><strong>Plaque inox<\/strong><\/li>\n\n\n\n<li>Entretoises + plat 30&#215;4 mm<\/li>\n\n\n\n<li>Visserie (M8-20, M8-30\u2026) + \u00e9crou fin M6<\/li>\n\n\n\n<li><strong>Avaloir<\/strong><\/li>\n\n\n\n<li>Pi\u00e8ce de guidage + vis M6 x 8 frais\u00e9e<\/li>\n<\/ul>\n<\/div>\n<\/div>\n\n\n\n<div style=\"height:30px\" aria-hidden=\"true\" class=\"wp-block-spacer\"><\/div>\n\n\n\n<div class=\"wp-block-columns are-vertically-aligned-center is-layout-flex wp-container-core-columns-is-layout-28f84493 wp-block-columns-is-layout-flex\">\n<div class=\"wp-block-column is-vertically-aligned-center is-layout-flow wp-block-column-is-layout-flow\">\n<h2 class=\"wp-block-heading\">Caract\u00e9ristiques techniques<\/h2>\n\n\n\n<p><strong>Couleur :<\/strong> Gris RAL 7016<\/p>\n\n\n\n<p><strong>Hauteur :<\/strong> 1,30 m<\/p>\n\n\n\n<p><strong>Largeur :<\/strong> de 3,00 m \u00e0 4,00 m<\/p>\n\n\n\n<p><strong>Motorisation :<\/strong> sans motorisation ou avec<\/p>\n\n\n\n<p><strong>Poids :<\/strong> env. 53 \u00e0 68 kg<\/p>\n\n\n\n<p><strong>Couleurs :<\/strong> Blanc RAL 9010, Brun RAL 1247, Gris RAL 7016, Noir RAL 9005, Rouge RAL 3004, Vert RAL 6005<\/p>\n\n\n\n<p><strong>Garantie :<\/strong> portail 5 ans \/ accessoires 1 an<\/p>\n\n\n\n<p><strong>Motorisation (option) :<\/strong> Somfy Freevia<\/p>\n<\/div>\n\n\n\n<div class=\"wp-block-column is-vertically-aligned-center is-layout-flow wp-block-column-is-layout-flow\" style=\"flex-basis:60%\">\n<p><\/p>\n<\/div>\n<\/div>\n","protected":false},"excerpt":{"rendered":"<h2 data-start=\"1244\" data-end=\"1259\">Points forts<\/h2>\n<ul data-start=\"1260\" data-end=\"1543\">\n<li data-start=\"1260\" data-end=\"1341\">\n<p data-start=\"1262\" data-end=\"1341\"><strong data-start=\"1262\" data-end=\"1277\">Semi-ajour\u00e9<\/strong> : plus d\u2019intimit\u00e9 qu\u2019un ajour\u00e9, tout en gardant un style a\u00e9r\u00e9<\/p>\n<\/li>\n<li data-start=\"1342\" data-end=\"1398\">\n<p data-start=\"1344\" data-end=\"1398\"><strong data-start=\"1344\" data-end=\"1357\">Aluminium<\/strong> : durable, r\u00e9sistant, entretien facile<\/p>\n<\/li>\n<li data-start=\"1399\" data-end=\"1465\">\n<p data-start=\"1401\" data-end=\"1465\"><strong data-start=\"1401\" data-end=\"1427\">Kit accessoires inclus<\/strong> : limite les achats compl\u00e9mentaires<\/p>\n<\/li>\n<li data-start=\"1466\" data-end=\"1543\">\n<p data-start=\"1468\" data-end=\"1543\"><strong data-start=\"1468\" data-end=\"1491\">Option motorisation<\/strong> : pour une ouverture pratique (selon configuration)<\/p>\n<\/li>\n<\/ul>\n","protected":false},"featured_media":7257,"comment_status":"open","ping_status":"closed","template":"","meta":[],"product_brand":[],"product_cat":[28],"product_tag":[],"class_list":{"0":"post-7184","1":"product","2":"type-product","3":"status-publish","4":"has-post-thumbnail","6":"product_cat-portail-coulissant-aluminium-ajoure","8":"first","9":"instock","10":"shipping-taxable","11":"purchasable","12":"product-type-variable"},"jetpack_sharing_enabled":false,"_links":{"self":[{"href":"https:\/\/portail-coulissant-aluminium.fr\/index.php\/wp-json\/wp\/v2\/product\/7184","targetHints":{"allow":["GET"]}}],"collection":[{"href":"https:\/\/portail-coulissant-aluminium.fr\/index.php\/wp-json\/wp\/v2\/product"}],"about":[{"href":"https:\/\/portail-coulissant-aluminium.fr\/index.php\/wp-json\/wp\/v2\/types\/product"}],"replies":[{"embeddable":true,"href":"https:\/\/portail-coulissant-aluminium.fr\/index.php\/wp-json\/wp\/v2\/comments?post=7184"}],"wp:featuredmedia":[{"embeddable":true,"href":"https:\/\/portail-coulissant-aluminium.fr\/index.php\/wp-json\/wp\/v2\/media\/7257"}],"wp:attachment":[{"href":"https:\/\/portail-coulissant-aluminium.fr\/index.php\/wp-json\/wp\/v2\/media?parent=7184"}],"wp:term":[{"taxonomy":"product_brand","embeddable":true,"href":"https:\/\/portail-coulissant-aluminium.fr\/index.php\/wp-json\/wp\/v2\/product_brand?post=7184"},{"taxonomy":"product_cat","embeddable":true,"href":"https:\/\/portail-coulissant-aluminium.fr\/index.php\/wp-json\/wp\/v2\/product_cat?post=7184"},{"taxonomy":"product_tag","embeddable":true,"href":"https:\/\/portail-coulissant-aluminium.fr\/index.php\/wp-json\/wp\/v2\/product_tag?post=7184"}],"curies":[{"name":"wp","href":"https:\/\/api.w.org\/{rel}","templated":true}]}}

Portail aluminium coulissant semi-ajouré en kit avec ou sans motorisation

<div class="wp-block-columns are-vertically-aligned-center is-layout-flex wp-container-core-columns-is-layout-28f84493 wp-block-columns-is-layout-flex">
<div class="wp-block-column is-vertically-aligned-center is-layout-flow wp-block-column-is-layout-flow">
<p class="title has-text-color" style="color:#131315"></p>



<h2 class="wp-block-heading"><strong>Portail aluminium coulissant semi-ajouré en kit avec ou sans motorisation<br></strong></h2>



<p>Offrez à votre entrée un rendu moderne et rassurant avec un portail coulissant en aluminium semi-ajouré : le bon équilibre entre intimité (partie occultante) et légèreté visuelle (partie ajourée). Livré en kit prêt à monter, il comprend les accessoires essentiels pour une pose simplifiée, avec la possibilité d’ajouter une motorisation pour plus de confort au quotidien.</p>
</div>
</div>



<div style="height:30px" aria-hidden="true" class="wp-block-spacer"></div>



<div style="height:30px" aria-hidden="true" class="wp-block-spacer"></div>



<div class="wp-block-columns are-vertically-aligned-center is-layout-flex wp-container-core-columns-is-layout-28f84493 wp-block-columns-is-layout-flex">
<div class="wp-block-column is-vertically-aligned-center is-layout-flow wp-block-column-is-layout-flow">
<figure class="wp-block-image size-full"><img fetchpriority="high" decoding="async" width="1024" height="1024" src="https://portail-coulissant-aluminium.fr/wp-content/uploads/2026/02/hf_20260205_092235_1468bd64-2a36-4296-ba37-a2e80372ec46.jpg" alt="" class="wp-image-7256" srcset="https://portail-coulissant-aluminium.fr/wp-content/uploads/2026/02/hf_20260205_092235_1468bd64-2a36-4296-ba37-a2e80372ec46.jpg 1024w, https://portail-coulissant-aluminium.fr/wp-content/uploads/2026/02/hf_20260205_092235_1468bd64-2a36-4296-ba37-a2e80372ec46-300x300.jpg 300w, https://portail-coulissant-aluminium.fr/wp-content/uploads/2026/02/hf_20260205_092235_1468bd64-2a36-4296-ba37-a2e80372ec46-150x150.jpg 150w, https://portail-coulissant-aluminium.fr/wp-content/uploads/2026/02/hf_20260205_092235_1468bd64-2a36-4296-ba37-a2e80372ec46-768x768.jpg 768w, https://portail-coulissant-aluminium.fr/wp-content/uploads/2026/02/hf_20260205_092235_1468bd64-2a36-4296-ba37-a2e80372ec46-990x990.jpg 990w, https://portail-coulissant-aluminium.fr/wp-content/uploads/2026/02/hf_20260205_092235_1468bd64-2a36-4296-ba37-a2e80372ec46-441x441.jpg 441w, https://portail-coulissant-aluminium.fr/wp-content/uploads/2026/02/hf_20260205_092235_1468bd64-2a36-4296-ba37-a2e80372ec46-100x100.jpg 100w, https://portail-coulissant-aluminium.fr/wp-content/uploads/2026/02/hf_20260205_092235_1468bd64-2a36-4296-ba37-a2e80372ec46-800x800.jpg 800w" sizes="(max-width: 1024px) 100vw, 1024px" /></figure>
</div>



<div class="wp-block-column is-vertically-aligned-center is-layout-flow wp-block-column-is-layout-flow" style="flex-basis:40%">
<h2 class="wp-block-heading">Accessoires inclus (pack complet)</h2>



<ul class="wp-block-list">
<li><strong>Serrure</strong> + vis barillet M5 x 80F</li>



<li><strong>Poignée noire</strong></li>



<li><strong>Barillet + 3 clés</strong></li>



<li>Visserie serrure (4,8 x 25TF)</li>



<li><strong>Pièce de réception</strong></li>



<li>Chapeaux pour montants centraux + vis associées</li>



<li><strong>2 roulettes</strong></li>



<li>Cache 1.2.3</li>



<li><strong>Plaque inox</strong></li>



<li>Entretoises + plat 30&#215;4 mm</li>



<li>Visserie (M8-20, M8-30…) + écrou fin M6</li>



<li><strong>Avaloir</strong></li>



<li>Pièce de guidage + vis M6 x 8 fraisée</li>
</ul>
</div>
</div>



<div style="height:30px" aria-hidden="true" class="wp-block-spacer"></div>



<div class="wp-block-columns are-vertically-aligned-center is-layout-flex wp-container-core-columns-is-layout-28f84493 wp-block-columns-is-layout-flex">
<div class="wp-block-column is-vertically-aligned-center is-layout-flow wp-block-column-is-layout-flow">
<h2 class="wp-block-heading">Caractéristiques techniques</h2>



<p><strong>Couleur :</strong> Gris RAL 7016</p>



<p><strong>Hauteur :</strong> 1,30 m</p>



<p><strong>Largeur :</strong> de 3,00 m à 4,00 m</p>



<p><strong>Motorisation :</strong> sans motorisation ou avec</p>



<p><strong>Poids :</strong> env. 53 à 68 kg</p>



<p><strong>Couleurs :</strong> Blanc RAL 9010, Brun RAL 1247, Gris RAL 7016, Noir RAL 9005, Rouge RAL 3004, Vert RAL 6005</p>



<p><strong>Garantie :</strong> portail 5 ans / accessoires 1 an</p>



<p><strong>Motorisation (option) :</strong> Somfy Freevia</p>
</div>



<div class="wp-block-column is-vertically-aligned-center is-layout-flow wp-block-column-is-layout-flow" style="flex-basis:60%">
<p></p>
</div>
</div>

<h2 data-start="1244" data-end="1259">Points forts</h2>
<ul data-start="1260" data-end="1543">
<li data-start="1260" data-end="1341">
<p data-start="1262" data-end="1341"><strong data-start="1262" data-end="1277">Semi-ajouré</strong> : plus d’intimité qu’un ajouré, tout en gardant un style aéré</p>
</li>
<li data-start="1342" data-end="1398">
<p data-start="1344" data-end="1398"><strong data-start="1344" data-end="1357">Aluminium</strong> : durable, résistant, entretien facile</p>
</li>
<li data-start="1399" data-end="1465">
<p data-start="1401" data-end="1465"><strong data-start="1401" data-end="1427">Kit accessoires inclus</strong> : limite les achats complémentaires</p>
</li>
<li data-start="1466" data-end="1543">
<p data-start="1468" data-end="1543"><strong data-start="1468" data-end="1491">Option motorisation</strong> : pour une ouverture pratique (selon configuration)</p>
</li>
</ul>
